 a?
4
Suppose -4*p = 2*b - 0*b - 188, 0 = 5*b - 2*p - 482. Suppose -4*c + b - 12 = 4*m, -4*m = -c - 84. What is the greatest common factor of m and 63?
21
Suppose -80*w + 11 = -77*w - 2*v, -4 = 4*w + 2*v. Calculate the greatest common factor of 868 and w.
1
Suppose 50 = -9*m + 11*m + 3*q, -5*m + 125 = -q. Let c(k) = -k**3 - 2*k**2 - 6*k - 6. Let g be c(-4). Calculate the greatest common factor of g and m.
25
Suppose 8*o = 9*o - 5*o. Suppose 4*d - s - 413 = o, -d + 3*s + 199 = d. Calculate the highest common factor of 78 and d.
26
Let y be (-3)/15 + 304/95. Suppose -y*p = 0, -3*v - 212 = 4*p - 1748. Calculate the highest common factor of v and 32.
32
Let l be -4 + (246 - (-104)/8). Calculate the greatest common factor of l and 867.
51
Suppose -20*x + 10275 = -5*x. Suppose 4*k - x = -5*l, -3*k + 4*l + 540 = -l. What is the highest common divisor of k and 50?
25
Suppose 0 = 3*w - 3, w + 4876 = -5*d + 45262. Calculate the highest common divisor of 394 and d.
197
Let f(z) = -3*z**2 + z - 8. Let u be f(3). Let b = u + 41. Suppose 2*s - 135 = -s. Calculate the greatest common factor of s and b.
9
Let b(s) = -6*s**3 - 6*s**2 + 55*s + 24. Let a be b(-6). What is the greatest common divisor of 306 and a?
18
Suppose -89*v - 63 = -90*v - 4*p, -3*p = 5*v - 213. What is the highest common divisor of v and 24?
3
Suppose -17*f = -35751 - 6086. Suppose -421 + f = 8*o. Calculate the highest common factor of 595 and o.
85
Let p(i) = 3*i - 89 + 4 + 0*i + 0*i. Let s be p(26). Let a be 4/s + (-16)/14*-4. Calculate the highest common factor of 4 and a.
4
Let k = 20 + 29. Let z be (-6)/69 + 25/23 - -930. Calculate the highest common factor of k and z.
49
Let h = -42 - -77. Suppose -14*n + 9*n = -h. Calculate the highest common factor of 77 and n.
7
Let b(i) = 3*i**3 - 3*i - 2. Let a be b(-1). Let v = -8 + a. Let z be (-140)/(-25)*v/(-4). Calculate the greatest common divisor of 112 and z.
14
Suppose 2*j - 13*j + 33 = 0. Let q be 8/(-12) + (11/j - 3). Suppose -11*f = -q*f - 4059. What is the highest common divisor of f and 41?
41
Let u = -24 + 27. Suppose -s - 3*c = -45, -4*s - 5*c + 37 = -u*s. Suppose -s = -2*r + 83. What is the greatest common divisor of 10 and r?
10
Let y be -1 + ((-2)/1 - -117). Let z be 2/(-3) - y/(-9). Let u = 14841 + -14733. What is the greatest common divisor of u and z?
12
Suppose 4*p - 39 = -3. Let x(y) = -4*y - 8. Let d(q) = -q**3 - 5*q**2 + 3*q + 4. Let v be d(-5). Let g be x(v). What is the greatest common divisor of g and p?
9
Let m = 3332 - 2298. What is the highest common divisor of m and 22?
22
Suppose 18 = -3*z - 6. Let m(w) = -w**2 - 6*w + 22. Let d be m(z). Calculate the highest common factor of 28 and d.
2
Let w(q) = -51*q - 114. Let l be w(-2). Let i(k) = -k**2 - 12*k + 39. Let o be i(l). What is the greatest common factor of 78 and o?
39
Suppose 3*z = 26 + 4. Suppose 4*r = -n + 16, -4*n - n - 2*r = z. Let g be 10/6 + ((-16)/(-6))/n. Calculate the greatest common factor of g and 19.
1
Suppose 0 = 4*v + 3*o - 2105, 2*v + 3*o - 4*o = 1045. Calculate the highest common divisor of v and 8.
4
Let w(v) = -46*v + 2131. Let o be w(46). Suppose -5*k + 105 = -2*k. What is the greatest common factor of o and k?
5
Let i(v) = v**3 + 11*v**2 - 12*v + 6. Let g be i(-12). Suppose 196 = g*m + 16. Calculate the highest common factor of m and 18.
6
Let l = -9469 + 13381. What is the greatest common divisor of 16 and l?
8
Suppose -3*l + 187 = -0*r + r, 2*r - 338 = 3*l. Suppose 25906*u + 35 = 25907*u. What is the highest common divisor of u and r?
35
Suppose 0 = -789*m + 809*m - 3300. Suppose 5*v - 3*p = 89 + 427, -4*p + 12 = 0. What is the greatest common divisor of m and v?
15
Suppose -2 = o, -3*m + o = -4*m - 8. Let j be -4 - (614 - -4)/m. What is the highest common divisor of j and 11?
11
Let x be 8631/(-2)*(2 - 4). Calculate the highest common factor of x and 63.
63
Suppose 55*r - 637 = 42*r. Suppose 4*s - 1883 = 273. What is the highest common divisor of r and s?
49
Let k = 890 - 863. Suppose -x + 4 = x. Suppose -x*h - 3*h = -675. Calculate the highest common divisor of k and h.
27
Suppose -329 = -15*v + 783 - 227. Calculate the greatest common factor of v and 21948.
59
Suppose -1002 = -3*a + 2*l + 1281, a + 3*l - 772 = 0. Calculate the highest common factor of 872 and a.
109
Suppose 3*t + 36 = 7*t. Let l be ((-26 - -13) + 4)/((-1)/9). What is the highest common factor of t and l?
9
Let z(y) = 12*y + 64. Suppose 58 + 7 = -13*d. Let l be z(d). Calculate the highest common divisor of l and 68.
4
Let w(r) = 354*r**2 - 2113*r + 15. Let m be w(6). Let h be 7/1*5 - -1. What is the highest common divisor of h and m?
9
Let j(i) = i**2 + 32*i + 58. Let h be j(-31). Let p = 10 - -37. Suppose -p = -3*q + 5*m, -3*q = -2*q + m - 5. What is the highest common divisor of q and h?
9
Let i be (-2)/3 - 2640/(-45). Suppose 5*b - i + 13 = 0. Let k(p) = 21*p - 45. Let y be k(6). Calculate the greatest common divisor of b and y.
9
Let p = 1401 - 814. Let j = p - 301. Calculate the highest common divisor of 26 and j.
26
Let q(r) = r**2 + 46*r + 243. Let k be q(-59). Calculate the greatest common factor of 40 and k.
10
Let k be (-334328)/(-20) - 108/(-180). Calculate the highest common factor of 73 and k.
73
Let u be ((-38)/(-8) - 2) + (-17)/(-68). Suppose -z - 5 = 3*g, 3*z - 45 = u*g - 0. What is the greatest common factor of z and 26?
2
Suppose 0 = 227*w - 243*w + 28224. Calculate the greatest common factor of 546 and w.
42
Let n be (0/(-2))/(-1 - 0). Let m = -246 + 250. Suppose -4*z + 32 = m*v, z + n*z + 3*v - 18 = 0. What is the highest common factor of z and 30?
3
Let b(s) = 13*s**2. Let d be 6/(-12) + (-1)/2. Let i be b(d). Let l = 216 - 99. Calculate the highest common factor of l and i.
13
Suppose -9*t - 140 = -11*t - 8*t. Calculate the highest common divisor of t and 497.
7
Suppose -3*u = -8 - 10. Let f be (3 - (-4)/8)*u. Let i be -4 + (f - (1 + -1)). What is the greatest common factor of i and 119?
17
Let d be (-15)/12*(-11 - (-282)/30). What is the highest common divisor of 242 and d?
2
Let i = -353 - -344. Let g be (143/(-33))/(1/i). What is the greatest common divisor of g and 3?
3
Let r be 466/10 - 777/(-555). What is the highest common factor of 9576 and r?
24
Let q = 22219 - 22152. Calculate the greatest common factor of q and 11725.
67
Let b = 2902 - 2893. Suppose 5*v + 428 = c - 739, -4*c = 2*v - 4602. Calculate the highest common divisor of b and c.
9
Suppose -12 = -5*w + 13. Let x(j) = -j**2 + 22*j + 25. Let f be x(23). Suppose k - 15 = -f*k. What is the highest common factor of w and k?
5
Suppose 7*m = 83*m - 437228. What is the greatest common divisor of 44 and m?
11
Suppose 27*c - 28*c - 7 = 0, -4*c - 94 = -2*h. Calculate the greatest common factor of h and 14223.
33
Suppose 92*o - 89*o + 4*z = 938, 3*o - 3*z - 903 = 0. Calculate the highest common divisor of 4 and o.
2
Let u be ((-32)/28)/((-2)/7). Let t be (-144)/(-42) - u/(-7). Suppose 0 = -d + m + 22, t*d + d = -m + 110. What is the greatest common factor of d and 44?
22
Suppose -y - 2*p = 28, 0 = 2*y + p + 51 - 10. Let i(c) = -c**2 - 20*c + 12. Let x be i(y). What is the greatest common factor of 60 and x?
12
Let v be (-14)/(-4)*(-5 - (-35)/5). Let h = 49 + -44. What is the greatest common factor of h and v?
1
Suppose 0 = -4*b + 5*c + 36, 2*b + 2*c = 26 + 10. Suppose 10*s - 8*s - 2 = 0. Suppose -s = -7*z + 48. Calculate the highest common factor of z and b.
7
Let z = 6 + -13. Let r be (20/(-25))/((-6)/(-255)). Let d be (-5*z/(-70))/(1/r). Calculate the highest common divisor of d and 51.
17
Let x be (-5)/(5/3) + (0 - -38). Let j be x/10*(-72)/(-21). Calculate the highest common divisor of j and 24.
12
Let g(x) = -152*x + 623. Let d be g(4). What is the highest common divisor of 36225 and d?
15
Suppose 0 = -1188*t + 1316*t - 1664. Calculate the highest common divisor of 13663 and t.
13
Suppose 0 = 2*d + 2*d - y - 541, 2*d - 272 = 2*y. What is the highest common divisor of 465 and d?
15
Suppose -5*c = 5*w - 55, 0 = -3*w + c - 4 + 29. Let s be 310/9 - ((-510)/(-54) - w). Calculate the greatest common divisor of 986 and s.
34
Let v(k) = k**2 + 12*k - 385. Let c be v(-27). Calculate the highest common factor of c and 610.
10
Let a(d) = -6*d**2 - 198*d - 514. Let g be a(-30). Calculate the g